{"id":553,"date":"2014-01-29T11:50:26","date_gmt":"2014-01-29T10:50:26","guid":{"rendered":"http:\/\/www.frank-wiroth.lu\/rene-wiroth\/?page_id=553"},"modified":"2021-06-10T20:53:37","modified_gmt":"2021-06-10T18:53:37","slug":"ecrits","status":"publish","type":"page","link":"https:\/\/www.frank-wiroth.lu\/rene-wiroth\/ecrits\/","title":{"rendered":"\u00c9crits de Ren\u00e9 Wiroth"},"content":{"rendered":"<div class=\"two_third\">\n<h2>Correspondances<\/h2>\n<p><em>Livre d&rsquo;art, \u00e9crit avec\u00a0Mich\u00e8le Frank, 2009<\/em><\/p>\n<p>Un ouvrage dont le sous-titre touche \u00e0 l\u2019ex\u00e9g\u00e8se et en dit assez sur les \u00e9changes et les complicit\u00e9s dont il est ici question. Postulat et d\u00e9monstration que \u00ab dans l\u2019univers compos\u00e9 de r\u00e8gnes analogues, chaque \u00e9l\u00e9ment correspond \u00e0 un \u00e9l\u00e9ment d\u2019un autre r\u00e8gne\u00a0\u00bb.<\/p>\n<p>Cet ouvrage riche de 200 pages avec quelque 150 reproductions en couleur des sculptures et tableaux des artistes, et une derni\u00e8re partie qui est v\u00e9ritable album photos, para\u00eet comme le pr\u00e9c\u00e9dent aux \u00e9ditions Guy Binsfeld.<\/p>\n<p><a title=\"Correspondances\" href=\"http:\/\/www.frank-wiroth.lu\/rene-wiroth\/publications\/correspondances\/\">Lire la suite<\/a><\/div><br \/>\n<div class=\"one_third column-last\"><img loading=\"lazy\" class=\"alignnone size-full wp-image-806\" src=\"http:\/\/www.frank-wiroth.lu\/rene-wiroth\/wp-content\/uploads\/2014\/06\/correspondances-couverture.jpg\" alt=\"correspondances-couverture\" width=\"300\" height=\"335\" srcset=\"https:\/\/www.frank-wiroth.lu\/rene-wiroth\/wp-content\/uploads\/2014\/06\/correspondances-couverture.jpg 300w, https:\/\/www.frank-wiroth.lu\/rene-wiroth\/wp-content\/uploads\/2014\/06\/correspondances-couverture-125x139.jpg 125w\" sizes=\"(max-width: 300px) 100vw, 300px\" \/><\/div><div class=\"clear\"><\/div><\/p>\n<div class=\"two_third\">\n<h2>L&rsquo;Or et l&rsquo;Argile<\/h2>\n<p><em>Livre d&rsquo;art, \u00e9crit avec Mich\u00e8le Frank, 2001<\/em><\/p>\n<p>Deux artistes contemporains vivant en couple, tellement diff\u00e9rents qu\u2019ils sont compl\u00e9mentaires, pr\u00e9sentent leurs difficult\u00e9s, leurs r\u00e9flexions et leurs \u0153uvres. Cet ouvrage relate la rencontre d\u2019un homme et d\u2019une femme, la difficult\u00e9 de la vie \u00e0 deux, lorsque chacun se positionne comme artiste dans notre soci\u00e9t\u00e9. [&#8230;]<\/p>\n<p>Nous rapportons, \u00e0 tour de r\u00f4le, l\u2019envol que permet cette rencontre inesp\u00e9r\u00e9e, autant sur le plan personnel qu\u2019artistique, la difficult\u00e9 d\u2019imposer sa personnalit\u00e9 et d\u2019am\u00e9nager les plages de retrait que n\u00e9cessite la cr\u00e9ation, les peurs et les d\u00e9chirements du couple qui lutte pour son individualit\u00e9 dans une relation qui se veut paradoxalement symbiotique. Mais est-ce un choix ?<\/p>\n<p><a title=\"L\u2019Or et l\u2019Argile\" href=\"http:\/\/www.frank-wiroth.lu\/rene-wiroth\/publications\/lor-et-largile\/\">Lire la suite<\/a><\/div><br \/>\n<div class=\"one_third column-last\"><img loading=\"lazy\" class=\"alignnone size-full wp-image-808\" src=\"http:\/\/www.frank-wiroth.lu\/rene-wiroth\/wp-content\/uploads\/2014\/06\/couverture-livre-400x525.jpg\" alt=\"couverture-livre-400x525\" width=\"400\" height=\"525\" srcset=\"https:\/\/www.frank-wiroth.lu\/rene-wiroth\/wp-content\/uploads\/2014\/06\/couverture-livre-400x525.jpg 400w, https:\/\/www.frank-wiroth.lu\/rene-wiroth\/wp-content\/uploads\/2014\/06\/couverture-livre-400x525-125x164.jpg 125w\" sizes=\"(max-width: 400px) 100vw, 400px\" \/><\/div><div class=\"clear\"><\/div><\/p>\n<p>&nbsp;<\/p>\n<h2>Le degr\u00e9 z\u00e9ro de l&rsquo;\u00eatre humain<\/h2>\n<p><em>Discours prononc\u00e9 par Ren\u00e9 Wiroth au si\u00e8ge de ATD QUART MONDE lors de la remise de la m\u00e9daille du M\u00e9rite Europ\u00e9en le 22 f\u00e9vrier 1990<\/em><\/p>\n<blockquote><p>Seul le travail des mains rend possible l\u2019\u00e9panouissement de soi-m\u00eame. Les courants sont pass\u00e9s et passeront entre les \u00eatres et par les mains. L\u2019espoir que les pauvres puissent r\u00e9aliser le d\u00f4me de leur identit\u00e9 est \u00ab \u00e2pre et difficile. II n\u2019est jamais couronn\u00e9 de succ\u00e8s. La pauvret\u00e9 est le degr\u00e9 z\u00e9ro de l\u2019humain.<\/p>\n<p>Pour bien cultiver il faut bien semer.<\/p><\/blockquote>\n<p><a title=\"Le degr\u00e9 z\u00e9ro de l\u2019\u00eatre humain\" href=\"http:\/\/www.frank-wiroth.lu\/rene-wiroth\/ecrits\/le-degre-zero-de-letre-humain\/\">Lire la suite<\/a><\/p>\n<p>&nbsp;<\/p>\n<h2>Adam \u00e9tait gaucher<\/h2>\n<p>Lorsque nous regardons une des plus prestigieuses \u0153uvre de la peinture, la cr\u00e9ation de l\u2019homme par le gaucher contrari\u00e9 Michel-Ange que se trouve au plafond de la Chapelle Sixtine \u00e0 Rome nous sommes impressionn\u00e9s par la ma\u00eetrise du travail du ma\u00eetre. Nous voyons au milieu de la Chapelle le majestueux dieu en barbe blanche descendant des nuages et entour\u00e9 de ses anges faisant na\u00eetre du doigt de sa main droite, Adam. Mais Adam, flegmatique et tout \u00e0 fait d\u00e9contract\u00e9 lui tend la main gauche.<\/p>\n<p><a title=\"Adam \u00e9tait gaucher\" href=\"http:\/\/www.frank-wiroth.lu\/rene-wiroth\/ecrits\/adam-etait-gaucher\/\">Lire la suite<\/a><\/p>\n<p>&nbsp;<\/p>\n<h2>Le gaucher au travail<\/h2>\n<p>Le jeune ouvrier gaucher est occup\u00e9 \u00e0 forer des trous dans un morceau de fer. Il actionne de la main gauche l\u2019interrupteur de l\u2019\u00e9norme machine pesant trois tonnes. Avec la main droite, sa main faible, il tient le morceau de fer. Au moment, o\u00f9 la foreuse s\u2019introduit dans le m\u00e9tal, le morceau de fer s\u2019envole pour blesser son patron \u00e0 la t\u00eate. \u00c0 qui la faute [&#8230;] ?<\/p>\n<p><a title=\"Le gaucher au travail\" href=\"http:\/\/www.frank-wiroth.lu\/rene-wiroth\/ecrits\/le-gaucher-au-travail\/\">Lire la suite<\/a><\/p>\n","protected":false},"excerpt":{"rendered":"<p>&nbsp; Le degr\u00e9 z\u00e9ro de l&rsquo;\u00eatre humain Discours prononc\u00e9 par Ren\u00e9 Wiroth au si\u00e8ge de [&hellip;]<\/p>\n","protected":false},"author":1,"featured_media":0,"parent":0,"menu_order":0,"comment_status":"closed","ping_status":"closed","template":"template-full.php","meta":[],"_links":{"self":[{"href":"https:\/\/www.frank-wiroth.lu\/rene-wiroth\/wp-json\/wp\/v2\/pages\/553"}],"collection":[{"href":"https:\/\/www.frank-wiroth.lu\/rene-wiroth\/wp-json\/wp\/v2\/pages"}],"about":[{"href":"https:\/\/www.frank-wiroth.lu\/rene-wiroth\/wp-json\/wp\/v2\/types\/page"}],"author":[{"embeddable":true,"href":"https:\/\/www.frank-wiroth.lu\/rene-wiroth\/wp-json\/wp\/v2\/users\/1"}],"replies":[{"embeddable":true,"href":"https:\/\/www.frank-wiroth.lu\/rene-wiroth\/wp-json\/wp\/v2\/comments?post=553"}],"version-history":[{"count":9,"href":"https:\/\/www.frank-wiroth.lu\/rene-wiroth\/wp-json\/wp\/v2\/pages\/553\/revisions"}],"predecessor-version":[{"id":1261,"href":"https:\/\/www.frank-wiroth.lu\/rene-wiroth\/wp-json\/wp\/v2\/pages\/553\/revisions\/1261"}],"wp:attachment":[{"href":"https:\/\/www.frank-wiroth.lu\/rene-wiroth\/wp-json\/wp\/v2\/media?parent=553"}],"curies":[{"name":"wp","href":"https:\/\/api.w.org\/{rel}","templated":true}]}}

Écrits de René Wiroth

<div class="two_third">
<h2>Correspondances</h2>
<p><em>Livre d&rsquo;art, écrit avec Michèle Frank, 2009</em></p>
<p>Un ouvrage dont le sous-titre touche à l’exégèse et en dit assez sur les échanges et les complicités dont il est ici question. Postulat et démonstration que « dans l’univers composé de règnes analogues, chaque élément correspond à un élément d’un autre règne ».</p>
<p>Cet ouvrage riche de 200 pages avec quelque 150 reproductions en couleur des sculptures et tableaux des artistes, et une dernière partie qui est véritable album photos, paraît comme le précédent aux éditions Guy Binsfeld.</p>
<p><a title="Correspondances" href="http://www.frank-wiroth.lu/rene-wiroth/publications/correspondances/">Lire la suite</a></div><br />
<div class="one_third column-last"><img loading="lazy" class="alignnone size-full wp-image-806" src="http://www.frank-wiroth.lu/rene-wiroth/wp-content/uploads/2014/06/correspondances-couverture.jpg" alt="correspondances-couverture" width="300" height="335" srcset="https://www.frank-wiroth.lu/rene-wiroth/wp-content/uploads/2014/06/correspondances-couverture.jpg 300w, https://www.frank-wiroth.lu/rene-wiroth/wp-content/uploads/2014/06/correspondances-couverture-125x139.jpg 125w" sizes="(max-width: 300px) 100vw, 300px" /></div><div class="clear"></div></p>
<div class="two_third">
<h2>L&rsquo;Or et l&rsquo;Argile</h2>
<p><em>Livre d&rsquo;art, écrit avec Michèle Frank, 2001</em></p>
<p>Deux artistes contemporains vivant en couple, tellement différents qu’ils sont complémentaires, présentent leurs difficultés, leurs réflexions et leurs œuvres. Cet ouvrage relate la rencontre d’un homme et d’une femme, la difficulté de la vie à deux, lorsque chacun se positionne comme artiste dans notre société. [&#8230;]</p>
<p>Nous rapportons, à tour de rôle, l’envol que permet cette rencontre inespérée, autant sur le plan personnel qu’artistique, la difficulté d’imposer sa personnalité et d’aménager les plages de retrait que nécessite la création, les peurs et les déchirements du couple qui lutte pour son individualité dans une relation qui se veut paradoxalement symbiotique. Mais est-ce un choix ?</p>
<p><a title="L’Or et l’Argile" href="http://www.frank-wiroth.lu/rene-wiroth/publications/lor-et-largile/">Lire la suite</a></div><br />
<div class="one_third column-last"><img loading="lazy" class="alignnone size-full wp-image-808" src="http://www.frank-wiroth.lu/rene-wiroth/wp-content/uploads/2014/06/couverture-livre-400x525.jpg" alt="couverture-livre-400x525" width="400" height="525" srcset="https://www.frank-wiroth.lu/rene-wiroth/wp-content/uploads/2014/06/couverture-livre-400x525.jpg 400w, https://www.frank-wiroth.lu/rene-wiroth/wp-content/uploads/2014/06/couverture-livre-400x525-125x164.jpg 125w" sizes="(max-width: 400px) 100vw, 400px" /></div><div class="clear"></div></p>
<p>&nbsp;</p>
<h2>Le degré zéro de l&rsquo;être humain</h2>
<p><em>Discours prononcé par René Wiroth au siège de ATD QUART MONDE lors de la remise de la médaille du Mérite Européen le 22 février 1990</em></p>
<blockquote><p>Seul le travail des mains rend possible l’épanouissement de soi-même. Les courants sont passés et passeront entre les êtres et par les mains. L’espoir que les pauvres puissent réaliser le dôme de leur identité est « âpre et difficile. II n’est jamais couronné de succès. La pauvreté est le degré zéro de l’humain.</p>
<p>Pour bien cultiver il faut bien semer.</p></blockquote>
<p><a title="Le degré zéro de l’être humain" href="http://www.frank-wiroth.lu/rene-wiroth/ecrits/le-degre-zero-de-letre-humain/">Lire la suite</a></p>
<p>&nbsp;</p>
<h2>Adam était gaucher</h2>
<p>Lorsque nous regardons une des plus prestigieuses œuvre de la peinture, la création de l’homme par le gaucher contrarié Michel-Ange que se trouve au plafond de la Chapelle Sixtine à Rome nous sommes impressionnés par la maîtrise du travail du maître. Nous voyons au milieu de la Chapelle le majestueux dieu en barbe blanche descendant des nuages et entouré de ses anges faisant naître du doigt de sa main droite, Adam. Mais Adam, flegmatique et tout à fait décontracté lui tend la main gauche.</p>
<p><a title="Adam était gaucher" href="http://www.frank-wiroth.lu/rene-wiroth/ecrits/adam-etait-gaucher/">Lire la suite</a></p>
<p>&nbsp;</p>
<h2>Le gaucher au travail</h2>
<p>Le jeune ouvrier gaucher est occupé à forer des trous dans un morceau de fer. Il actionne de la main gauche l’interrupteur de l’énorme machine pesant trois tonnes. Avec la main droite, sa main faible, il tient le morceau de fer. Au moment, où la foreuse s’introduit dans le métal, le morceau de fer s’envole pour blesser son patron à la tête. À qui la faute [&#8230;] ?</p>
<p><a title="Le gaucher au travail" href="http://www.frank-wiroth.lu/rene-wiroth/ecrits/le-gaucher-au-travail/">Lire la suite</a></p>

<p>&nbsp; Le degré zéro de l&rsquo;être humain Discours prononcé par René Wiroth au siège de [&hellip;]</p>
