{"id":230,"date":"2014-01-27T15:13:03","date_gmt":"2014-01-27T14:13:03","guid":{"rendered":"http:\/\/www.frank-wiroth.lu\/rene-wiroth\/?page_id=230"},"modified":"2014-01-27T16:04:48","modified_gmt":"2014-01-27T15:04:48","slug":"hommage-dedmond-israel","status":"publish","type":"page","link":"https:\/\/www.frank-wiroth.lu\/rene-wiroth\/hommage-dedmond-israel\/","title":{"rendered":"Hommage d&rsquo;Edmond Isra\u00ebl"},"content":{"rendered":"<p>Hommage \u00e0 Mich\u00e8le Frank et Ren\u00e9 Wiroth<br \/>\nEn contemplant les oeuvres de Mich\u00e8le Frank et de Ren\u00e9 Wiroth, on est saisi par un sentiment de profonde \u00e9motion et de s\u00e9r\u00e9nit\u00e9 tel qu&rsquo;on le ressent lorsqu&rsquo;on prie dans Ie silence. Pourquoi?<br \/>\nMich\u00e8le Frank, peintre, et Ren\u00e9 Wiroth, sculpteur, nous r\u00e9v\u00e8lent dans leurs oeuvres cette dimension \u2013 oh combien lointaine dans I&rsquo;espace et dans Ie temps \u2013 exprimant ainsi la marque sublime de la cr\u00e9ativit\u00e9. Dans la peinture de Mich\u00e8le Frank, les rythmes les plus intimes de la nature et de son monde int\u00e9rieur se d\u00e9voilent \u00e0 nos yeux par la dynamique du jeu des couleurs et des formes.<br \/>\nLes sculptures de Ren\u00e9 Wiroth nous font d\u00e9couvrir des \u00eatres inconnus, irr\u00e9els, mais qui s&rsquo;imposent par une pr\u00e9sence \u00e9trange et captivante. Ces sculptures, elles aussi, ont leur origine et trouvent leur expression dans Ia transcendance, qui p\u00e9n\u00e8tre ce couple, ces deux artistes, qui nous offrent Ie bonheur de leur pr\u00e9sence sur la sc\u00e8ne culturelle de notre pays.<br \/>\nLuxembourg a la chance que ces deux artistes habitent et oeuvrent dans notre pays, dont ils enrichissent de mani\u00e8re significative Ie paysage culturel.<br \/>\nEdmond Israel<br \/>\nOctobre 2008<br \/>\nHomage to Mich\u00e8le Frank and Ren\u00e9 Wiroth<\/p>\n<div class=\"divider\"><h5><span> <\/span><\/h5><\/div>\n<p>In contemplating the works of Mich\u00e8le Frank and Ren\u00e9 Wiroth, one is seized by a sentiment of profound emotion and serenity as if by a silent prayer . Why?<br \/>\nIn their work Mich\u00e8le Frank, painter and Ren\u00e9 Wiroth sculptor reveal to us this dimension&#8211; oh how far in space and time&#8211; expressing in this way creativity\u2019s sublime mark. In the painting of Mich\u00e8le Frank the most intimate rhythms of nature and of her interior world unveil themselves to our eyes through the dynamic play between color and form.<br \/>\nThe sculptures of Ren\u00e9 Wiroth let us discover unknown, unreal beings which impose themselves by a strange and captivating presence. These sculptures, they also have their origin and find their expression in the transcendental which penetrates this couple, these two artists who offer us the happiness of their presence on the cultural stage of our country.<br \/>\nLuxembourg is lucky that these two artists live and work in our country in which they significantly enrich the cultural landscape.<br \/>\nEdmond Israel<br \/>\nOctober 2008<\/p>\n","protected":false},"excerpt":{"rendered":"<p>Hommage \u00e0 Mich\u00e8le Frank et Ren\u00e9 Wiroth En contemplant les oeuvres de Mich\u00e8le Frank et [&hellip;]<\/p>\n","protected":false},"author":1,"featured_media":0,"parent":0,"menu_order":0,"comment_status":"closed","ping_status":"closed","template":"","meta":[],"_links":{"self":[{"href":"https:\/\/www.frank-wiroth.lu\/rene-wiroth\/wp-json\/wp\/v2\/pages\/230"}],"collection":[{"href":"https:\/\/www.frank-wiroth.lu\/rene-wiroth\/wp-json\/wp\/v2\/pages"}],"about":[{"href":"https:\/\/www.frank-wiroth.lu\/rene-wiroth\/wp-json\/wp\/v2\/types\/page"}],"author":[{"embeddable":true,"href":"https:\/\/www.frank-wiroth.lu\/rene-wiroth\/wp-json\/wp\/v2\/users\/1"}],"replies":[{"embeddable":true,"href":"https:\/\/www.frank-wiroth.lu\/rene-wiroth\/wp-json\/wp\/v2\/comments?post=230"}],"version-history":[{"count":1,"href":"https:\/\/www.frank-wiroth.lu\/rene-wiroth\/wp-json\/wp\/v2\/pages\/230\/revisions"}],"predecessor-version":[{"id":231,"href":"https:\/\/www.frank-wiroth.lu\/rene-wiroth\/wp-json\/wp\/v2\/pages\/230\/revisions\/231"}],"wp:attachment":[{"href":"https:\/\/www.frank-wiroth.lu\/rene-wiroth\/wp-json\/wp\/v2\/media?parent=230"}],"curies":[{"name":"wp","href":"https:\/\/api.w.org\/{rel}","templated":true}]}}