{"id":529,"date":"2014-01-29T09:01:48","date_gmt":"2014-01-29T08:01:48","guid":{"rendered":"http:\/\/www.frank-wiroth.lu\/michele-frank\/?page_id=529"},"modified":"2016-07-18T18:50:10","modified_gmt":"2016-07-18T16:50:10","slug":"ressac","status":"publish","type":"page","link":"https:\/\/www.frank-wiroth.lu\/michele-frank\/publications\/ressac\/","title":{"rendered":"Ressac"},"content":{"rendered":"<p>\u00c9crit d\u2019un souffle, \u00ab Ressac \u00bb nous emporte dans la vague qui se retourne violemment sur elle-m\u00eame, d\u00e8s qu\u2019elle rencontre un obstacle.<br \/>\nLe rythme qu\u2019emprunte la narratrice, \u00e9voquant les \u00e9cueils de la vie qui font remonter \u00e0 la surface les angoisses d\u2019abandon de l\u2019enfance, nous replonge sans cesse dans les plaies b\u00e9antes du souvenir.<\/p>\n<p>L\u2019ambivalence de la m\u00e8re, la disparition du p\u00e8re, l\u2019\u00e9loignement du fr\u00e8re trop aim\u00e9, les all\u00e9es et venues d\u2019un homme qu\u2019elle prend, qu\u2019elle jette et dont elle ne peut se lib\u00e9rer, un homme angoiss\u00e9 comme elle, avec lequel elle joue aux jeux cruels de l\u2019amour, comme pour se faire les dents, dans cette soif intarissable de reconnaissance qu\u2019ils ont en commun\u2026<\/p>\n<p>Un cycle infernal, dont elle ne sortira qu\u2019en d\u00e9couvrant que la cr\u00e9ation est \u00e0 la fois un exorcisme et une fa\u00e7on de conjurer le mal d\u2019\u00eatre.<\/p>\n<p><a href=\"http:\/\/www.frank-wiroth.lu\/michele-frank\/wp-content\/uploads\/2014\/01\/ressac-ed-theles.pdf\">Pr\u00e9sentation de Ressac par les \u00c9ditions Th\u00e9l\u00e8s<\/a><\/p>\n<div class=\"divider\"><h5><span> <\/span><\/h5><\/div>\n<h3>Lecture publique au Centre culturel fran\u00e7ais de Luxembourg (2006)<\/h3>\n<p><iframe loading=\"lazy\" src=\"\/\/www.youtube-nocookie.com\/embed\/PtC_d5P2bRw?rel=0\" width=\"635\" height=\"476\" frameborder=\"0\" allowfullscreen=\"allowfullscreen\"><\/iframe><\/p>\n<p><a href=\"https:\/\/www.youtube.com\/watch?v=PtC_d5P2bRw\" target=\"_blank\">Partie 1<\/a> &#8211; <a href=\"https:\/\/www.youtube.com\/watch?v=1BobQy_jeOM\" target=\"_blank\">Partie 2<\/a> &#8211; <a href=\"https:\/\/www.youtube.com\/watch?v=Dfo72-FQ5Ac\" target=\"_blank\">Partie 3<\/a> &#8211; <a href=\"https:\/\/www.youtube.com\/watch?v=Yh_-LcxkJM4\" target=\"_blank\">Partie 4<\/a> &#8211; <a href=\"https:\/\/www.youtube.com\/watch?v=0XOtha4Efis\" target=\"_blank\">Partie 5 <\/a>&#8211; <a href=\"https:\/\/www.youtube.com\/watch?v=Qgm8MGwIWko\" target=\"_blank\">Partie 6<\/a><\/p>\n<p>&nbsp;<\/p>\n","protected":false},"excerpt":{"rendered":"<p>\u00c9crit d\u2019un souffle, \u00ab Ressac \u00bb nous emporte dans la vague qui se retourne violemment [&hellip;]<\/p>\n","protected":false},"author":1,"featured_media":95,"parent":506,"menu_order":0,"comment_status":"closed","ping_status":"closed","template":"template-full.php","meta":[],"_links":{"self":[{"href":"https:\/\/www.frank-wiroth.lu\/michele-frank\/wp-json\/wp\/v2\/pages\/529"}],"collection":[{"href":"https:\/\/www.frank-wiroth.lu\/michele-frank\/wp-json\/wp\/v2\/pages"}],"about":[{"href":"https:\/\/www.frank-wiroth.lu\/michele-frank\/wp-json\/wp\/v2\/types\/page"}],"author":[{"embeddable":true,"href":"https:\/\/www.frank-wiroth.lu\/michele-frank\/wp-json\/wp\/v2\/users\/1"}],"replies":[{"embeddable":true,"href":"https:\/\/www.frank-wiroth.lu\/michele-frank\/wp-json\/wp\/v2\/comments?post=529"}],"version-history":[{"count":4,"href":"https:\/\/www.frank-wiroth.lu\/michele-frank\/wp-json\/wp\/v2\/pages\/529\/revisions"}],"predecessor-version":[{"id":815,"href":"https:\/\/www.frank-wiroth.lu\/michele-frank\/wp-json\/wp\/v2\/pages\/529\/revisions\/815"}],"up":[{"embeddable":true,"href":"https:\/\/www.frank-wiroth.lu\/michele-frank\/wp-json\/wp\/v2\/pages\/506"}],"wp:featuredmedia":[{"embeddable":true,"href":"https:\/\/www.frank-wiroth.lu\/michele-frank\/wp-json\/wp\/v2\/media\/95"}],"wp:attachment":[{"href":"https:\/\/www.frank-wiroth.lu\/michele-frank\/wp-json\/wp\/v2\/media?parent=529"}],"curies":[{"name":"wp","href":"https:\/\/api.w.org\/{rel}","templated":true}]}}