{"id":288,"date":"2014-01-27T16:54:06","date_gmt":"2014-01-27T15:54:06","guid":{"rendered":"http:\/\/www.frank-wiroth.lu\/michele-frank\/?page_id=288"},"modified":"2016-11-02T20:02:35","modified_gmt":"2016-11-02T19:02:35","slug":"expositions","status":"publish","type":"page","link":"https:\/\/www.frank-wiroth.lu\/michele-frank\/expositions\/","title":{"rendered":"Expositions de Mich\u00e8le Frank"},"content":{"rendered":"<h2>Expositions individuelles : S\u00e9lection<\/h2>\n<p>1987 Cercle des Communaut\u00e9s Europ\u00e9ennes, Biblioth\u00e8que Municipale de Thionville, France<\/p>\n<p>1990 Galerie 47, Virton, Belgique<\/p>\n<p>1991 Th\u00e9\u00e2tre d\u2019Esch, Luxembourg<\/p>\n<p>1992 Galerie Archipel, Paris<\/p>\n<p>1992 Cogeba, Luxembourg<\/p>\n<p>1992 Centre Culturel de Forbach, France<\/p>\n<p>1993 Galerie La Malle des Indes, Metz, France<\/p>\n<p>2006 Centre Culturel Fran\u00e7ais, Luxembourg<\/p>\n<p>2008 Centre Culturel de rencontre, Abbaye de Neum\u00fcnster, Luxembourg<\/p>\n<p>2011 Invit\u00e9e d&rsquo;honneur du\u00a0Salon de la peinture, Centre Culturel de Hagondange, France<\/p>\n<p>2012 Galerie d\u2019Art contemporain, Espace des Arts Plastiques CEPAGRAP, St Di\u00e9-des-Vosges<\/p>\n<p>2012 Cath\u00e9drale de Metz<\/p>\n<p>2016 \u00ab\u00a0Points de Fuite\u201d, Abbaye de Villers-Bettnach<\/p>\n<p>&nbsp;<\/p>\n<h2>Expositions de Groupes<\/h2>\n<p>1993 Galerie La Palette, Beatenberg, Suisse<\/p>\n<p>1994 Salon du Mineur, Centre Culturel de Forbach, France<\/p>\n<p>1995 Art Gallery, Luxembourg<\/p>\n<p>1995 Centre Culturel de Florange, France : Rencontre Ukraine- France<\/p>\n<p>2007 Invit\u00e9e d\u2019honneur \u00e0 L\u2019abbaye de Villers Bettnach, France<\/p>\n<p>2007 TEM, Goviller, France<\/p>\n<p>2008 Caves de l\u2019H\u00f4tel de Ville de Virton, Belgique<\/p>\n<p>2012 Expo pour \u00ab T\u00e9l\u00e9vie \u00bb Centre Culturel de Schuttrange<\/p>\n<p>2012 TEM, Goviller, France<\/p>\n<p>&nbsp;<\/p>\n<h2>Expositions avec Ren\u00e9 Wiroth<\/h2>\n<p>1997 \u00ab Compl\u00e9mentarit\u00e9 Homme-Femme \u00bb, Galerie de la Ville de\u00a0Sternberk, R\u00e9publique Tch\u00e8que<\/p>\n<p>1997 \u00ab Compl\u00e9mentarit\u00e9 Homme-Femme \u00bb, Galerie Saint Nicolas Remich, Luxembourg<\/p>\n<p>2000 \u00ab Compl\u00e9mentarit\u00e9 Homme-Femme\u00a0\u00bb, R\u00e9sidence du Parc, Merlebach, France<\/p>\n<p>2002 Kunstkeller Klingelp\u00fctz, Cologne Centre Culturel Fran\u00e7ais, Luxemburg<\/p>\n<p>2003 Parlement Europ\u00e9en \u00e0 Strasbourg<\/p>\n<p>2003 Galerie Municipale, Th\u00e9\u00e2tre d\u2019Esch-sur Alzette, Luxembourg<\/p>\n<p>2006 \u00ab La Galerie \u00bb, Passage Alfa, Luxembourg<\/p>\n<p>2007 Commission Europ\u00e9enne, B\u00e2timent Jean Monet, Luxembourg<\/p>\n<p>2007 National Arts Club, New York<\/p>\n<p>2007 \u00ab The Luxemburg House \u00bb, New York<\/p>\n<p>2007 Maison Communale de Wellenstein, Luxembourg<\/p>\n<p>2007 Ch\u00e2teau de Bourglinster, Luxembourg<\/p>\n<p>2008 Galerie Soraya, Luxembourg<\/p>\n<p>2008 Galerie Soraya , exposition et conf\u00e9rences sur \u00ab L\u2019identit\u00e9 F\u00e9minine dans l\u2019art \u00bb ( M. F.), \u00ab Camille Claudel et Rodin \u00bb(R.W.)<\/p>\n<p>2008 Exposition au \u00ab Jardin Botanique \u00bb, Schwebsange, Luxembourg<\/p>\n<p>2009 TEM, Goviller, France : \u00ab Nous sommes partout et nulle part \u00bb<\/p>\n<p>2009\u00a0Kunstkeller Galerie Am Klingelp\u00fctz, Cologne, Allemagne<\/p>\n<p>2011 Centre Culturel Schuttrange, Luxembourg<\/p>\n<p>2012 Tem, Goviller, France<\/p>\n<p>2013 Cercle Munster, Luxembourg<\/p>\n<p>2014 Galerie d\u2019Art Armand Gaasch, Luxembourg<\/p>\n<p>2014 \u00ab Kulturschapp \u00bb, Walfedange, Luxembourg<\/p>\n<p>2015 Banque Internationale, Si\u00e8ge Social, Luxembourg<\/p>\n","protected":false},"excerpt":{"rendered":"<p>Expositions individuelles : S\u00e9lection 1987 Cercle des Communaut\u00e9s Europ\u00e9ennes, Biblioth\u00e8que Municipale de Thionville, France 1990 [&hellip;]<\/p>\n","protected":false},"author":1,"featured_media":150,"parent":0,"menu_order":0,"comment_status":"closed","ping_status":"closed","template":"template-full.php","meta":[],"_links":{"self":[{"href":"https:\/\/www.frank-wiroth.lu\/michele-frank\/wp-json\/wp\/v2\/pages\/288"}],"collection":[{"href":"https:\/\/www.frank-wiroth.lu\/michele-frank\/wp-json\/wp\/v2\/pages"}],"about":[{"href":"https:\/\/www.frank-wiroth.lu\/michele-frank\/wp-json\/wp\/v2\/types\/page"}],"author":[{"embeddable":true,"href":"https:\/\/www.frank-wiroth.lu\/michele-frank\/wp-json\/wp\/v2\/users\/1"}],"replies":[{"embeddable":true,"href":"https:\/\/www.frank-wiroth.lu\/michele-frank\/wp-json\/wp\/v2\/comments?post=288"}],"version-history":[{"count":11,"href":"https:\/\/www.frank-wiroth.lu\/michele-frank\/wp-json\/wp\/v2\/pages\/288\/revisions"}],"predecessor-version":[{"id":1121,"href":"https:\/\/www.frank-wiroth.lu\/michele-frank\/wp-json\/wp\/v2\/pages\/288\/revisions\/1121"}],"wp:featuredmedia":[{"embeddable":true,"href":"https:\/\/www.frank-wiroth.lu\/michele-frank\/wp-json\/wp\/v2\/media\/150"}],"wp:attachment":[{"href":"https:\/\/www.frank-wiroth.lu\/michele-frank\/wp-json\/wp\/v2\/media?parent=288"}],"curies":[{"name":"wp","href":"https:\/\/api.w.org\/{rel}","templated":true}]}}